?
23
Calculate the highest common factor of 2704 and 26702.
338
What is the highest common factor of 6 and 58?
2
What is the greatest common divisor of 1232 and 2101?
11
Calculate the highest common divisor of 1131 and 2163603.
1131
What is the highest common factor of 57 and 330448?
19
Calculate the highest common divisor of 311949 and 36.
9
Calculate the greatest common factor of 216 and 13743.
27
Calculate the highest common divisor of 1499813 and 35.
7
Calculate the greatest common divisor of 806 and 72943.
403
Calculate the greatest common factor of 2286 and 1651.
127
What is the highest common factor of 1089 and 193248?
99
Calculate the highest common factor of 61964 and 56.
28
What is the greatest common divisor of 3180 and 11724?
12
Calculate the greatest common divisor of 2749635 and 343.
49
What is the greatest common divisor of 7217 and 42?
7
Calculate the highest common divisor of 327464 and 8.
8
Calculate the greatest common divisor of 190 and 337934.
38
Calculate the greatest common divisor of 84 and 740838.
42
What is the greatest common factor of 4929 and 744?
93
What is the highest common divisor of 15807 and 660?
33
Calculate the highest common divisor of 1831270 and 42.
14
Calculate the highest common factor of 10338 and 78.
6
Calculate the greatest common divisor of 139326 and 968.
22
What is the greatest common factor of 8376 and 575152?
2792
Calculate the greatest common factor of 10647 and 161.
7
What is the highest common factor of 42 and 3810534?
42
What is the greatest common factor of 185541 and 69?
69
What is the highest common divisor of 278838 and 1694?
14
What is the greatest common factor of 385229 and 104?
13
What is the greatest common factor of 104858 and 6976?
218
Calculate the greatest common divisor of 8797 and 4167.
463
Calculate the highest common factor of 1308 and 2573490.
654
Calculate the highest common factor of 252322 and 14.
14
What is the greatest common factor of 3718 and 3042?
338
What is the greatest common factor of 624 and 339024?
48
Calculate the highest common factor of 399 and 9534.
21
Calculate the highest common factor of 44982 and 875826.
2646
What is the highest common factor of 1049221 and 712?
89
What is the highest common factor of 614 and 210909?
307
What is the highest common factor of 11547 and 423?
9
Calculate the highest common divisor of 1170 and 27105.
195
Calculate the greatest common factor of 2360 and 12154.
118
Calculate the greatest common factor of 219 and 76431.
219
What is the highest common divisor of 2101829 and 51?
17
Calculate the greatest common factor of 34020 and 19005.
105
Calculate the greatest common divisor of 5247 and 2343.
33
Calculate the highest common factor of 45292 and 2288.
52
Calculate the greatest common factor of 2674 and 154.
14
What is the greatest common divisor of 85172 and 62884?
796
Calculate the highest common divisor of 195 and 65235.
15
What is the greatest common divisor of 8019 and 38291?
11
What is the highest common factor of 2076 and 636?
12
Calculate the greatest common divisor of 10381 and 12411.
7
What is the highest common divisor of 428942 and 82?
82
Calculate the greatest common factor of 358652 and 28.
28
Calculate the highest common factor of 32880 and 816.
48
Calculate the highest common divisor of 104 and 14824.
8
Calculate the greatest common factor of 13020 and 315.
105
Calculate the highest common factor of 241596 and 18.
18
What is the greatest common factor of 617490 and 9?
9
What is the highest common factor of 90053 and 1?
1
Calculate the highest common factor of 531 and 70505.
59
Calculate the highest common divisor of 45218 and 46.
46
Calculate the greatest common factor of 304 and 425258.
38
What is the highest common factor of 2256 and 2226108?
564
What is the highest common factor of 27090 and 13760?
430
Calculate the highest common divisor of 1359 and 117.
9
Calculate the highest common divisor of 110592 and 21760.
256
Calculate the greatest common factor of 5346 and 4026.
66
Calculate the greatest common divisor of 80 and 4624.
16
Calculate the greatest common divisor of 934215 and 366.
183
Calculate the greatest common factor of 33833 and 437.
23
Calculate the greatest common factor of 183 and 75945.
183
What is the highest common divisor of 611049 and 894?
447
What is the greatest common factor of 127452 and 57?
57
What is the greatest common factor of 4 and 3844?
4
What is the highest common factor of 24 and 2258664?
24
What is the greatest common divisor of 484 and 32076?
44
Calculate the greatest common divisor of 594 and 2816.
22
Calculate the greatest common factor of 29645 and 1764.
49
Calculate the greatest common factor of 179028 and 18.
18
Calculate the greatest common divisor of 48 and 65028.
12
Calculate the highest common divisor of 3108 and 24360.
84
What is the greatest common divisor of 9345 and 4515?
105
Calculate the greatest common factor of 4300 and 23500.
100
Calculate the highest common factor of 23361 and 1287.
39
Calculate the highest common factor of 4002 and 66.
6
What is the highest common divisor of 18095 and 1505?
35
Calculate the highest common factor of 1326 and 4607408.
442
Calculate the highest common divisor of 173600 and 1680.
560
What is the greatest common divisor of 24935 and 5?
5
What is the greatest common divisor of 1272158 and 590?
118
What is the greatest common divisor of 1135934 and 646?
38
Calculate the greatest common divisor of 31500 and 10668.
84
Calculate the highest common factor of 372286 and 97.
97
Calculate the greatest common factor of 2211 and 462.
33
What is the highest common divisor of 32109 and 168?
21
What is the greatest common divisor of 16 and 4498888?
8
Calculate the highest common divisor of 7150 and 1001.
143
What is the greatest common divisor of 788060 and 420?
140
Calculate the highest common divisor of 6013852 and 26.
26
What is the highest common factor of 2897805 and 1830?
915
Calculate the highest common factor of 6523448 and 8.
8
Calculate the greatest common factor of 102287 and 878.
439
Calculate the highest common factor of 1106175 and 150.
75
Calculate the greatest common divisor of 25775 and 1075.
25
What is the highest common factor of 98931 and 33?
3
Calculate the greatest common divisor of 377616 and 624.
48
What is the highest common factor of 802 and 128?
2
Calculate the greatest common divisor of 10146 and 3420.
114
What is the greatest common factor of 2601 and 74562?
867
What is the highest common factor of 42 and 2623950?
42
Calculate the greatest common divisor of 1035 and 11270.
115
Calculate the highest common divisor of 281780 and 13140.
1460
What is the greatest common divisor of 2058 and 32438?
98
Calculate the highest common factor of 198 and 47934.
18
Calculate the greatest common divisor of 31261 and 3827.
43
What is the highest common factor of 14 and 43400?
14
Calculate the highest common factor of 35 and 31045.
35
What is the greatest common divisor of 79 and 225703?
79
Calculate the highest common factor of 4 and 294388.
4
Calculate the highest common divisor of 864 and 39906.
54
What is the highest common divisor of 42 and 878?
2
What is the greatest common divisor of 161 and 13961?
23
What is the highest common factor of 192 and 600?
24
Calculate the highest common divisor of 950245 and 23.
23
Calculate the greatest common divisor of 186894 and 18.
18
What is the highest common factor of 173259 and 46?
23
What is the greatest common factor of 1060 and 32580?
20
What is the greatest common divisor of 940 and 4324?
188
Calculate the highest common divisor of 8909 and 177.
59
Calculate the greatest common divisor of 112539 and 2898.
483
What is the greatest common factor of 332019 and 1296?
81
Calculate the highest common factor of 51780 and 40.
20
Calculate the greatest common divisor of 5700 and 3750.
150
What is the greatest common divisor of 62 and 287804?
62
What is the highest common factor of 7836 and 117?
3
Calculate the highest common factor of 2424 and 33633.
303
Calculate the greatest common divisor of 1560 and 144105.
195
What is the highest common divisor of 15132 and 30108?
156
Calculate the highest common factor of 933738 and 13.
13
Calculate the highest common factor of 1188 and 1299078.